{"id":61,"date":"2023-07-18T17:39:59","date_gmt":"2023-07-18T17:39:59","guid":{"rendered":"https:\/\/ww2.sibylle-wilcken.de\/?page_id=61"},"modified":"2023-07-18T17:39:59","modified_gmt":"2023-07-18T17:39:59","slug":"termine","status":"publish","type":"page","link":"https:\/\/ww2.sibylle-wilcken.de\/index.php\/termine\/","title":{"rendered":"Termine"},"content":{"rendered":"<h3>Familien- und Problemaufstellungen<\/h3>\n<p>Innerhalb der systemischen Aufstellprozesse haben wir die M\u00f6glichkeit, mit Hilfe von Stellvertreter\/innen zu unseren jeweiligen Problemen hinzusp\u00fcren und sie aufzul\u00f6sen. Auf diese Weise k\u00f6nnen besonders fr\u00fchkindliche Themen sowie pers\u00f6nlich erfahrene und generations\u00fcbergreifende Traumata uns bewusst und heilsam integriert werden. Im Rahmen von Einzel- und Gruppenaufstellungen verbinde ich familiensystemische, gestalttherapeutische, k\u00f6rperorientierte Methoden mit meiner langj\u00e4hrigen Erfahrung und Intuition.<\/p>\n<table border=\"0\" width=\"525\" cellspacing=\"5\">\n<tbody>\n<tr>\n<td align=\"left\" valign=\"top\" width=\"200\">Familien- und Problemaufstellungen<\/td>\n<td align=\"left\" valign=\"top\">Sonnabend,10.Juni 2023<br \/>\n15.00 Uhr bis 18.30 Uhr<br \/>\nEntwicklungsr\u00e4ume<br \/>\nAchterwehr\/ Dorfstra\u00dfe 19<\/td>\n<\/tr>\n<\/tbody>\n<\/table>\n<h4>Wir Kinder der Kriegskinder<br \/>\n&#8211; Was weiter wirkt &#8211;<br \/>\nGenerations\u00fcbergreifende Traumata und l\u00f6sende Kr\u00e4fte<\/h4>\n<p>Die Schrecken der Kriege hinterlassen Spuren. Welche Folgen der 2. Weltkrieg f\u00fcr die unterschiedlichen Generationen hat, damit wird sich in Deutschland seit einigen Jahren befasst. Ergebnisse der Trauma-Forschung besagen, dass unverarbeitete Traumata nicht nur in den Kriegskindern, sondern auch\u00a0<strong>generations\u00fcbergreifend weiter wirken k\u00f6nnen<\/strong>. So zeigen heute viele Kinder der Kriegskinder trotz fehlender eigener Erlebnisse \u00e4hnliche Trauma-Symptome wie ihre Eltern und Gro\u00dfeltern. Die \u201cgeerbten\u201d Traumata k\u00f6nnen die Betroffenen auf unterschiedliche Art und Weise beeintr\u00e4chtigen, z.B. als Minderwertigkeitsgef\u00fchle, Mutlosigkeit, Lebens\u00e4ngste, Erfolglosigkeit, als Bindungsprobleme, als innere Unruhe. Aktuell sind wir durch den Ukraine Krieg mit vielen schmerzlichen Themen und Gef\u00fchlen konfrontiert. Ebenso k\u00f6nnen sich jetzt bei den Kriegskindern ( Jahrgang 1930 bis 1945 ) l\u00e4ngst vergessene Traumata wieder aktualisieren, kann sich der geerbte Trauma Stress unserer Vorfahren in uns Kindern der Kriegskinder verst\u00e4rken. Im Rahmen einer Workshopreihe schauen wir auf unsere Familiengeschichte, begreifen deren Wirkungsweise in uns selbst und finden heilsame L\u00f6sungen.<br \/>\n<strong>Die Workshopreihe umfasst folgende Angebote:<\/strong><br \/>\n<strong>Einf\u00fchrungsabend zur Thematik\/ 2022<\/strong><br \/>\n<strong>Workshop: Meine Gro\u00dfmutter, meine Mutter und ich\/ 2022<\/strong><br \/>\n<strong>Workshop: Mein Gro\u00dfvater, mein Vater und ich\/ 2023<\/strong><br \/>\n<strong>Workshop: Ich und mein Kind\/ 2023<\/strong><br \/>\n<strong>Workshop: Beziehungsprobleme und Bindungs\u00e4ngste- Generations\u00fcbergreifende Belastungen\/ 2023<\/strong><br \/>\n<strong>Workshop: Geerbte Blockaden l\u00f6sen \u2013 Neue achtsame Wege gehen\/ 2023<\/strong><br \/>\nDie Angebote sind zusammenh\u00e4ngend sinnvoll, aber auch einzeln m\u00f6glich.Siehe auch: Wir Kinder der Kriegskinder<\/p>\n<table border=\"0\" width=\"525\" cellspacing=\"5\">\n<tbody>\n<tr>\n<td align=\"left\" valign=\"top\" width=\"200\">Vortrag und Gespr\u00e4ch:<br \/>\nEinf\u00fchrungsabend in die Thematik<\/td>\n<td align=\"left\" valign=\"top\">Donnerstag, 10.11.2022<br \/>\n18.30 bis 20.30 Uhr<br \/>\nPadma\/ Boninstr. 30a<\/td>\n<\/tr>\n<\/tbody>\n<\/table>\n<table border=\"0\" width=\"525\" cellspacing=\"5\">\n<tbody>\n<tr>\n<td align=\"left\" valign=\"top\" width=\"200\">1.Workshop:<br \/>\nMeine Gro\u00dfmutter, meine Mutter und ich<\/td>\n<td align=\"left\" valign=\"top\">Donnerstag, 24.11.2022<br \/>\n18.30 Uhr bis 21.30 Uhr<br \/>\nPadma\/ Boninstr. 30a<\/td>\n<\/tr>\n<\/tbody>\n<\/table>\n<table border=\"0\" width=\"525\" cellspacing=\"5\">\n<tbody>\n<tr>\n<td align=\"left\" valign=\"top\" width=\"200\">2.Workshop:<br \/>\nMein Gro\u00dfvater, mein<br \/>\nVater und ich<\/td>\n<td align=\"left\" valign=\"top\">Donnerstag, 12.1.2023<br \/>\n18.30 Uhr bis 21.30 Uhr<br \/>\nPadma\/ Boninstr. 30a<\/td>\n<\/tr>\n<\/tbody>\n<\/table>\n<table border=\"0\" width=\"525\" cellspacing=\"5\">\n<tbody>\n<tr>\n<td align=\"left\" valign=\"top\" width=\"200\">3.Workshop:<br \/>\nIch und mein Kind<\/td>\n<td align=\"left\" valign=\"top\">Donnerstag, 26.1.2023<br \/>\n18.30 Uhr bis 21.30 Uhr<br \/>\nPadma\/ Boninstr. 30a<\/td>\n<\/tr>\n<\/tbody>\n<\/table>\n<table border=\"0\" width=\"525\" cellspacing=\"5\">\n<tbody>\n<tr>\n<td align=\"left\" valign=\"top\" width=\"200\">4.Workshop:<br \/>\nBeziehungsprobleme<br \/>\nund Bindungs\u00e4ngste &#8211; Generations\u00fcbergreifende Belastungen<\/td>\n<td align=\"left\" valign=\"top\">Donnerstag, 9.3.2023<br \/>\n18.30 Uhr bis 21.30 Uhr<br \/>\nPadma\/ Boninstr. 30a<\/td>\n<\/tr>\n<\/tbody>\n<\/table>\n<table border=\"0\" width=\"525\" cellspacing=\"5\">\n<tbody>\n<tr>\n<td align=\"left\" valign=\"top\" width=\"200\">5.Workshop:<br \/>\nGeerbte Blockaden l\u00f6sen:<br \/>\nNeue Wege gehen<\/td>\n<td align=\"left\" valign=\"top\">Donnerstag, 23.3.2023<br \/>\n18.30 Uhr bis 21.30 Uhr<br \/>\nPadma\/ Boninstr. 30a<\/td>\n<\/tr>\n<\/tbody>\n<\/table>\n<h4>Meine Geschwister und ich<\/h4>\n<p>Unsere l\u00e4ngste famili\u00e4re Beziehung haben wir oft zu unseren Geschwistern! So pr\u00e4gt sie neben unseren Eltern unsere pers\u00f6nliche Entwicklung, unsere Bindungsf\u00e4higkeit und unser Konfliktverhalten in ganz besonderer Weise. Innerhalb des Workshops schauen wir auf die jeweilige Beziehung zu unseren Geschwistern und verstehen deren Pr\u00e4gung f\u00fcr uns und welche Rolle wir eingenommen haben, sowie deren Wirkungsweise f\u00fcr heutige Beziehungen. Im Rahmen des Workshops arbeiten wir mit gestalttherapeutischen und familiensystemischen Methoden.<\/p>\n<table border=\"0\" width=\"525\" cellspacing=\"5\">\n<tbody>\n<tr>\n<td align=\"left\" valign=\"top\" width=\"200\">Workshop<\/td>\n<td align=\"left\" valign=\"top\">Montag,4.7.2022<br \/>\n18.15 Uhr bis 21.15<br \/>\nPadma\/ Boninstra\u00dfe 30a<\/td>\n<\/tr>\n<\/tbody>\n<\/table>\n<h4>Wut als Wegweiser<\/h4>\n<p>Das Ziel des Workshops ist es, die eigene Wut als Kraft zu nutzen, sich den Problemen zu stellen und aus dem inneren Frieden heraus, L\u00f6sungen zu finden. Anhand konkreter Situationen aus der Gegenwart und der Vergangenheit werden wir uns unserer Wut als Folge von Verletzungen unserer W\u00fcrde, als Folge von ungelebten Anteilen unserer selbst sowie als ein Symptom von Trauma Stress bewusst. Auf diesem Hintergrund entwickeln wir individuelle und allgemeine L\u00f6sungen, mit unserer Wut konstruktiv um-zugehen. Im Rahmen des Workshops arbeiten wir mit gestalttherapeutischen, familiensystemischen und k\u00f6rperorientierten Methoden. Die Teilnehmer\/innenzahl ist auf acht Personen begrenzt.<\/p>\n<table border=\"0\" width=\"525\" cellspacing=\"5\">\n<tbody>\n<tr>\n<td align=\"left\" valign=\"top\" width=\"200\">Workshop<\/td>\n<td align=\"left\" valign=\"top\">Samstag,7.5.2022<br \/>\n15 Uhr bis 19.30 Uhr<br \/>\nPadma\/ Boninstra\u00dfe 30a<\/td>\n<\/tr>\n<\/tbody>\n<\/table>\n<h4>Mit Achtsamkeit zu Deinem Ziel<\/h4>\n<p>Fortlaufende Monatsgruppe f\u00fcr Frauen<br \/>\nAchtsam mit uns und anderen ersp\u00fcren und erfahren wir uns auf ganzheitliche Weise. Wir verbinden uns mit unseren Ressourcen, unseren W\u00fcnschen und Tr\u00e4umen und st\u00e4rken unseren Selbstwert als Frau. Unterst\u00fctzt wird dieser Prozess durch gestalttherapeutische und familiensystemische Methoden, durch Atem\u00fcbungen und Tanz, durch Meditationen und Energiearbeit.<\/p>\n<h4>Die eigenen Widerstandskr\u00e4fte st\u00e4rken<\/h4>\n<p>Widerstandskr\u00e4fte\u00a0<em>Resilienz<\/em>\u00a0k\u00f6nnen wir als F\u00e4higkeit verstehen, sich in Krisen positiv auszurichten. In diesem Kontext sind Krisen eine Herausforderung, Kr\u00e4fte und F\u00e4higkeiten f\u00fcr deren Bew\u00e4ltigung zu aktivieren.<br \/>\nAktuell sind wir gesellschaftlich mit zentralen Themen wie Krankheit, Einschr\u00e4nkungen von Freiheit, sozialer Distanzierung und wirtschaftlichen Einbr\u00fcchen konfrontiert. Angst, Wut, Unruhe, Ersch\u00f6pfung k\u00f6nnen die Folge sein. Im Rahmen des Workshops benennen wir die Wirkungsweise dieser aktuellen Themen f\u00fcr uns pers\u00f6nlich, erfahren M\u00f6glichkeiten der Stressregulierung und schauen auf unser Potenzial, um mit Krisen aktiv und l\u00f6sungsorientiert umzugehen.<\/p>\n<table border=\"0\" width=\"525\" cellspacing=\"5\">\n<tbody>\n<tr>\n<td align=\"left\" valign=\"top\" width=\"200\">Workshop<\/td>\n<td align=\"left\" valign=\"top\">Mittwoch, 20.10.2021<br \/>\n18.30 Uhr &#8211; 21.00 Uhr<br \/>\nAchterwehr\/ Dorfstra\u00dfe 19<\/td>\n<\/tr>\n<\/tbody>\n<\/table>\n<h4>Systemische Familientherapie<\/h4>\n<p>Eltern-Kindverstrickungen, Krisen, seelische und k\u00f6rperliche Erkrankungen haben ihre ganz pes\u00f6nliche Bedeutung.<br \/>\nDiese zu erfahren und zu wandeln, ist ein tief wirkender Heilungsprozess.<br \/>\nIm Rahmen von Einzelsitzuneng, sowie in Gruppenaufstellungen verbinde ich familiensystemische, gestalttherapeutische und k\u00f6rperorientierte Methoden mit meiner langj\u00e4hrigen Erfahrung und Intuition.<\/p>\n<h4>Beziehungsprobleme und fr\u00fchkindliche Bindungserfahrungen<\/h4>\n<p>Die Art und Weise, wie Eltern mit ihren Kindern umgehen, pr\u00e4gt das Vertrauen des Kindes in sich selbst, in andere und in das Leben. Fr\u00fchkindliche Bindungserfahrungen werden dann in sp\u00e4teren Freundschaften, in Liebesbeziehungen oft in \u00e4hnlicher Weise wiederholt. Innerhalb des Workshops wenden wir uns unseren fr\u00fchkindlichen Bindungserfahrungen zu und begreifen deren Auswirkungen auf unser Beziehungsverhalten im Erwachsenenalter. Dieser Erkenntnisprozess hilft uns, unsere jetzigen Beziehungen befriedigender zu gestalten.<\/p>\n<h4>Jahreszeitenrituale in der Natur<\/h4>\n<table border=\"0\" width=\"525\" cellspacing=\"5\">\n<tbody>\n<tr>\n<td align=\"left\" valign=\"top\" width=\"200\">Fr\u00fchlingsritual<\/td>\n<td align=\"left\" valign=\"top\">Samstag, 20.3.2022<br \/>\n15.00 Uhr &#8211; ca.17.00 Uhr<br \/>\nWrohe am Westensee<br \/>\nTreffpunkt: Parkplatz in Wrohe<\/td>\n<\/tr>\n<tr>\n<td align=\"left\" valign=\"top\" width=\"200\"><\/td>\n<td align=\"left\" valign=\"top\"><\/td>\n<\/tr>\n<tr>\n<td align=\"left\" valign=\"top\" width=\"200\"><\/td>\n<td align=\"left\" valign=\"top\"><\/td>\n<\/tr>\n<tr>\n<td align=\"left\" valign=\"top\" width=\"200\"><\/td>\n<td align=\"left\" valign=\"top\"><\/td>\n<\/tr>\n<\/tbody>\n<\/table>\n","protected":false},"excerpt":{"rendered":"<p>Familien- und Problemaufstellungen Innerhalb der systemischen Aufstellprozesse haben wir die M\u00f6glichkeit, mit Hilfe von Stellvertreter\/innen zu unseren jeweiligen Problemen hinzusp\u00fcren und sie aufzul\u00f6sen. Auf diese Weise k\u00f6nnen besonders fr\u00fchkindliche Themen sowie pers\u00f6nlich erfahrene und generations\u00fcbergreifende Traumata uns bewusst und heilsam integriert werden. Im Rahmen von Einzel- und Gruppenaufstellungen verbinde ich familiensystemische, gestalttherapeutische, k\u00f6rperorientierte Methoden mit&hellip; <a class=\"more-link\" href=\"https:\/\/ww2.sibylle-wilcken.de\/index.php\/termine\/\"><span class=\"screen-reader-text\">Termine<\/span> weiterlesen<\/a><\/p>\n","protected":false},"author":1,"featured_media":0,"parent":0,"menu_order":0,"comment_status":"closed","ping_status":"closed","template":"","meta":{"footnotes":""},"class_list":["post-61","page","type-page","status-publish","hentry","entry"],"_links":{"self":[{"href":"https:\/\/ww2.sibylle-wilcken.de\/index.php\/wp-json\/wp\/v2\/pages\/61","targetHints":{"allow":["GET"]}}],"collection":[{"href":"https:\/\/ww2.sibylle-wilcken.de\/index.php\/wp-json\/wp\/v2\/pages"}],"about":[{"href":"https:\/\/ww2.sibylle-wilcken.de\/index.php\/wp-json\/wp\/v2\/types\/page"}],"author":[{"embeddable":true,"href":"https:\/\/ww2.sibylle-wilcken.de\/index.php\/wp-json\/wp\/v2\/users\/1"}],"replies":[{"embeddable":true,"href":"https:\/\/ww2.sibylle-wilcken.de\/index.php\/wp-json\/wp\/v2\/comments?post=61"}],"version-history":[{"count":1,"href":"https:\/\/ww2.sibylle-wilcken.de\/index.php\/wp-json\/wp\/v2\/pages\/61\/revisions"}],"predecessor-version":[{"id":62,"href":"https:\/\/ww2.sibylle-wilcken.de\/index.php\/wp-json\/wp\/v2\/pages\/61\/revisions\/62"}],"wp:attachment":[{"href":"https:\/\/ww2.sibylle-wilcken.de\/index.php\/wp-json\/wp\/v2\/media?parent=61"}],"curies":[{"name":"wp","href":"https:\/\/api.w.org\/{rel}","templated":true}]}}